+ 2684 = u + 2*u. Let b = u + -625. What is the units digit of b?
8
Suppose 23*i - 19*i = 2004. Let c be (-1)/1 + i + -11. Let x = c + -331. What is the hundreds digit of x?
1
Let q(u) = 168*u - 18. Let v be q(-17). What is the units digit of v/(-4)*(-2)/(-3)?
9
Let m = 216 + -239. What is the units digit of 183 + (2/4)/(m/(-184))?
7
Let t(v) = v**3 + v**2 + 187*v + 73492. What is the tens digit of t(0)?
9
Suppose -23*i + 455070 = 3*i - 12*i. What is the hundreds digit of i?
5
What is the tens digit of (0 - 82/3)*6568*93/(-248)?
2
Suppose 4*w + 49540 = 4*p - 26696, -4*p + 5*w + 76240 = 0. Suppose 8*g = 45*g - p. What is the tens digit of g?
1
Let u be (-462)/(-154)*(-1 - (-5)/3). Suppose 0*k - 246 = -4*k + u*f, 0 = -5*k + 5*f + 305. What is the units digit of k?
2
Let h(d) = d**3 + 25*d**2 - 85*d - 57. What is the units digit of h(-14)?
9
Let u = 3241 + 3220. What is the hundreds digit of u?
4
Let x(m) be the second derivative of m**5/20 + m**4 + 2*m**3 + 35*m**2/2 - 52*m. What is the tens digit of x(-11)?
2
Let d(c) = c**3 - 7*c**2 - 9*c + 1. Let t be d(8). Let n(j) = -j**2 - 10*j - 7. Let o be n(t). Suppose 150 = -o*p + 17*p. What is the units digit of p?
0
What is the units digit of 55535/4 + (-963)/(-428)?
6
Let r = -292 - -294. Suppose 3*s - 5*l + r*l = 966, -2*s = 2*l - 628. What is the units digit of s?
8
Let n(o) = 98*o**2 - 196*o - 3924. What is the thousands digit of n(-19)?
5
Suppose -1107741 = -256*g - 231*g + 15390845. What is the thousands digit of g?
3
Suppose 0 = -13*l + 20*l. Suppose 5219 = 3*g + 5*q, l = -q - 3*q - 20. What is the tens digit of g?
4
Let r = -202 - -145. Let i = r + 208. What is the units digit of i?
1
Let v(a) = -35*a - 8*a - 36 + 11*a. What is the units digit of v(-14)?
2
Let u be (-63)/(-7) + (-4 - 3) + 2. Suppose 4*c + 3*q = 2483, c - u*q + 0*q - 616 = 0. What is the tens digit of c?
2
Let q(s) = -1566*s - 63. Let k be q(-2). Suppose v = -8*v + k. What is the tens digit of v?
4
Let z(p) = 257*p**2 + 150*p - 507. What is the units digit of z(11)?
0
What is the hundreds digit of -1*(59 + 11)*9576/(-30)?
3
Let f = -232 + 236. Suppose -f*y - 5*g + 599 + 1348 = 0, 5*y - 5*g = 2490. What is the hundreds digit of y?
4
Let u(i) = -i**2 - 13*i + 36. Suppose 11*t = 11 - 77. What is the units digit of u(t)?
8
Let t = -2591 + 9164. What is the units digit of t?
3
Let q be 14/(-2)*12/(-7). Suppose 0 = -q*a - 1433 + 8573. What is the tens digit of a?
9
Suppose 0 = -2*l + 7*l - 25. Suppose -3*x = l*j - 31 - 69, 0 = -x - j + 30. Suppose y - 56 = -d, -86 - x = -2*d - y. What is the tens digit of d?
5
What is the thousands digit of 2676/((64/20)/16)?
3
Suppose 0 = -47*x + 979372 + 380103. What is the thousands digit of x?
8
Let v(x) = -45*x**3 - 29*x**2 - 201*x - 6. What is the units digit of v(-10)?
4
Let n(t) = 2*t**3 - 117*t**2 + 46*t + 948. What is the thousands digit of n(61)?
2
Suppose -129*z - 23581 = -5*y - 133*z, -3*y - 4*z + 14139 = 0. What is the thousands digit of y?
4
Let j = -394 + 414. Let f(x) = 14 + 2*x**2 + 10 + 4 - 38*x. What is the tens digit of f(j)?
6
Let g(j) = 132*j**2 + 143*j. What is the tens digit of g(-5)?
8
Let g(b) = -17 - 3*b + 7*b + 5*b + 6*b. Let j = 39 + -24. What is the tens digit of g(j)?
0
Suppose -17*b = -24*b + 28. Suppose -3*f + 5 = i, -b*i + 4*f = -f - 37. Let g(j) = -j**3 + 10*j**2 + j + 16. What is the tens digit of g(i)?
5
Suppose 4*n = -4*j + 14160, -3*j + 5*n = 4*n - 10628. What is the tens digit of j?
4
Let r(y) = -y**3 - 11*y**2 - 22*y - 20. Suppose 0*b + c = -b - 6, -48 = 4*b - 2*c. Let q be r(b). Let u = -94 + q. What is the units digit of u?
6
Suppose 46*d + 1272 = 47*d. Let b = -784 + d. What is the hundreds digit of b?
4
Suppose 5*k - u - 83733 = 0, 5*k - 3*u - 83754 = -5*u. What is the ten thousands digit of k?
1
Let p = -183 + 188. Suppose p*m - 683 = -3*x, m + 3*m + 900 = 4*x. What is the hundreds digit of x?
2
Let o(v) be the second derivative of 23*v**5/20 - v**4/6 - v**3/6 + v**2 - 3*v + 7. What is the tens digit of o(3)?
0
Let g = 20 + -15. Suppose 0 = -g*u - 0*u + 3110. What is the hundreds digit of u?
6
Suppose 3*o + 1 - 4 = 0, 0 = -4*c - 4*o + 5356. Suppose -u + 1335 = -3*p, -29*u + 2*p + c = -28*u. What is the thousands digit of u?
1
Let o be 29*4/(-8)*2. Let h = o + 42. Suppose -h*j + 15*j = 98. What is the tens digit of j?
4
Suppose 0 = 3*d + 6, -12*d + 270 = -4*a - 7*d. What is the tens digit of (2694/(-10))/((-609)/a + -9)?
9
Let i be (-16)/2*(-7 + (0 - -5)). Suppose i + 29 = 5*d. What is the units digit of d?
9
Let w(h) = 2*h**3 - 12*h**2 - 11*h - 6. Let m be w(11). Suppose 3643 = 10*x + m. Suppose 5*z - 430 = -4*g, 2*g - x + 716 = 5*z. What is the tens digit of z?
9
Let a be -54*(-42)/16*(-40)/(-6). Suppose -a = 45*r - 40*r. Let c = r - -267. What is the units digit of c?
8
Let x be (-2)/(((-24)/5754)/4). What is the units digit of (-3)/(-9) + (-2)/((-12)/x)?
0
Let h(z) = 5*z**2 + 32*z + 67. Let k(w) = 2*w**2 + 16*w + 33. Let m(p) = 3*h(p) - 5*k(p). What is the tens digit of m(-2)?
2
Suppose -a - 3*d = 0, -8*d + 13*d = -a + 10. What is the units digit of (-7504)/(-24) + a/(-27)*-3?
1
Let f = -18 + 28. Let l be (f/6)/(-1)*-3. Suppose w - 68 = -4*v, l*v - 5*w - 85 = -0*w. What is the tens digit of v?
1
Let m be (1329/(-3))/(((-30)/6)/5). Suppose -36*y + m = -457. What is the tens digit of y?
2
Let v(p) = -10*p - 28. Let l be v(-3). What is the hundreds digit of 33/66 + 471/l?
2
Let m = 41 + -41. Let l(a) = 7*a**3 + m*a - 10*a**2 + 7*a**2 + 2*a + 1. What is the hundreds digit of l(3)?
1
Let y be (-24)/108 - 4893/(-27). Suppose s = -1 + y. Suppose -93*a = -97*a + s. What is the tens digit of a?
4
Let x = 345 - 597. What is the units digit of (-1)/(6/(-4)*(-3)/x)?
6
Suppose 6617 = j - 2*f, 0 = 7*f - 6*f + 1. What is the units digit of j?
5
Suppose -7*y + 608 = y. Let v = -124 + 228. Let b = v - y. What is the units digit of b?
8
Let w = 455 - 127. Suppose -14*u - w = -18*u. What is the units digit of u?
2
Let q(g) = 26*g + 47. Let p(d) = 52*d + 93. Let h(l) = 4*p(l) - 7*q(l). What is the units digit of h(8)?
1
Let a(q) = 38*q - 534. Let y be a(14). Let g be 2 + -3 - (59 + 0). What is the tens digit of (g/(-7))/(y*(-1)/35)?
5
Let r = 12 + -18. Let f be (27/(-18))/(r/8). Suppose 3*h = -f*o + 225, -5*o - 18 + 3 = 0. What is the tens digit of h?
7
Suppose 22071 = 6*q - 19491. What is the thousands digit of q?
6
Suppose 2*x - 57150 = -3*z, -4*z - 4*x + 30439 = -45749. What is the ten thousands digit of z?
1
Let h = 80 - 76. Suppose -h*u = -3*y + 1295, 0*y - 4*y = -5*u - 1727. What is the tens digit of y?
3
Let a = -5 + 65. Suppose -w - 4*b + 23 = 0, -2*w + 4*w + b - a = 0. Let p = 41 + w. What is the tens digit of p?
7
Let h(f) = f**2 - 2. Let a be h(-2). Suppose 3*y = -a*s + 1003, -4*y - 2*s - 50 = -1384. What is the tens digit of y?
3
Suppose a - 2 = 0, -p + 3*a - 12 = -8. Suppose -u - p*u + 5*h = -1096, 4*h - 1105 = -3*u. What is the units digit of u?
7
Let z(a) = a**2 - 7*a - 19. Let m = 28 + -23. Suppose -67 = -m*r - 2. What is the units digit of z(r)?
9
Let n(u) = -u**3 + 16*u**2 - 27*u + 8. Let r be n(9). Let f be (1 - 0)/(8/40). Suppose 2*a + 3*p - r = 4*p, f*a - 800 = -5*p. What is the units digit of a?
4
Suppose -v - y = 4*y - 5, -v = y - 25. What is the tens digit of -3*v/18 + 266?
6
Suppose -5*u + 21 = 3*s - 1, s - u - 2 = 0. Suppose -g + 957 = s*r, -4*g - 1716 = -5*r - 525. Suppose 4*w + r = 679. What is the hundreds digit of w?
1
Suppose -2*x + 3*q = -10525 - 6137, q = 3*x - 25000. What is the units digit of x?
4
Let n(s) = -3478*s - 254. What is the units digit of n(-2)?
2
Let y be (174/9)/((1 - -8)/17496). Suppose y = -151*z + 178*z. What is the units digit of z?
2
Suppose 4*n - 23 = -j, -529*j = -527*j - 6. Let v be (-2)/7 - (-69)/21. Suppose -v*m + 2224 = n*m. What is the tens digit of m?
7
Suppose 178*c - 157*c = 430206. What is the thousands digit of c?
0
Suppose -48032 = -4*j + 5*x, -5*j + 60023 = -288*x + 286*x. What is the tens digit of j?
0
Let x(q) = q**2 - 5*q - 1. Let v be x(7). Let w(b) = b**2 - 7*b + 9. Let i be w(8). Let o = v + i. What is the units digit of o?
0
Suppose 13*w - 50710 = 29435. What is the tens digit of w?
6
Let l(f) = 2*f + 93. Let d be l(-10). Let u be 10/(-2)*8/5. Let v = u + d. What is the tens digit of v?
6
Sup